.
61
Let l(i) = i**2 - 3*i + 8. Let n be l(6). Suppose 25 + n = 3*j. What are the prime factors of j?
17
Let s(v) = v**2 - 7*v + 5. Let k be s(6). Let c be (k + 3 + 15)/(-1). Let n = 34 + c. List the prime factors of n.
17
Suppose -2*i - 2*j + 4 = j, 0 = -4*i + 3*j + 26. Suppose 0 = i*l - 257 - 158. What are the prime factors of l?
83
Suppose -9651 = -7*r + 2725. Suppose 7*f - 3*f + r = 0. List the prime factors of (-11)/44 - f/8.
5, 11
Suppose -8*t + 783 = -4561. List the prime factors of t.
2, 167
Suppose -6*m + 5 = -p - m, -5*m + 5 = 3*p. Suppose p = 3*c + 2*c - l - 21, -2*l = -3*c + 7. What are the prime factors of c?
5
Suppose -6*a = -4*a - 96. Suppose 4*r - 124 = a. Let t = r + 20. List the prime factors of t.
3, 7
Suppose 5*h - 10 - 5 = 0. Let x be h/((-27)/(-12) - 3). What are the prime factors of x/(12/(-9)) - 1?
2
Let w be (15/(-10))/((-12)/16). Suppose -w*g + 3*g - 140 = 0. Suppose 4*b = -q + g, 2*q - 70 = -2*b - 0*q. What are the prime factors of b?
5, 7
Suppose 11*y - 2442 - 7084 = 0. List the prime factors of y.
2, 433
Suppose -2*v - 10 = 0, 14*h - 10*h + 4*v = 156. What are the prime factors of h?
2, 11
Let s = 290 - -136. What are the prime factors of ((-8)/12)/((-4)/s) - 3?
2, 17
Let t = -60 - -59. What are the prime factors of (t + 1)/(-1) - (9 - 182)?
173
Suppose -3 = -a, -39 = -q - 3*a - 0. Let c(b) = 23*b - 1. Let u be c(3). Let m = u - q. List the prime factors of m.
2, 19
Let s be -2 - -1 - -2 - (7 + -10). Suppose -6*t + 317 = s*f - 3*t, -2*f = 3*t - 157. What are the prime factors of f?
2, 5
Let g(s) = -s**3 - 11*s**2 + 12*s + 2. Let a be g(-12). List the prime factors of 7 + (a - 1) + 2.
2, 5
Suppose 0 = -2*g - 4*d + 3916, -22 + 14 = -2*d. List the prime factors of g.
2, 3, 5, 13
What are the prime factors of 258 - (5 + -2 + 3)?
2, 3, 7
Let n = -15 + 18. Suppose -3*t + 2*f - n*f + 138 = 0, -3*t = 5*f - 150. What are the prime factors of t?
3, 5
Suppose 5*g - 27156 = -2*z, -3*g + 2*g - z + 5430 = 0. List the prime factors of g.
2, 7, 97
Let x(d) = -9*d + 191. Let n = 71 - 71. What are the prime factors of x(n)?
191
Let s(c) = 4*c**2 - 4*c - 103. List the prime factors of s(-9).
257
Suppose -i + 3*r + 33 = 0, 93 = 5*i - 3*r - 84. Suppose 3*y - 4*y = -i. Suppose 9*a - 8*a = y. List the prime factors of a.
2, 3
Let w(y) = 3*y**3 + 11*y**2 - 7*y + 6. Let x(d) = -10*d**3 - 34*d**2 + 20*d - 17. Let m(n) = -7*w(n) - 2*x(n). What are the prime factors of m(-10)?
2
Let i = -36 + 51. Suppose 0*l - 30 = -l - 3*s, -i = -5*s. Let c = l - 8. List the prime factors of c.
13
Let q(i) = i**2 + 5*i - 6. Let k be q(-6). Let y(g) = g**3 - 7*g**2 + 10*g + 7. Let l be y(6). Let w = l - k. List the prime factors of w.
31
Suppose 3*j + 4*h - 3606 = 497, j - 2*h - 1371 = 0. List the prime factors of j.
37
Let y(b) = -12*b**2 + 4*b + 7. Let x(a) = 6*a**2 - 2*a - 3. Let v(q) = 5*x(q) + 2*y(q). Suppose -7 = 4*j - 3. List the prime factors of v(j).
7
Let n(z) = z**2 - 14*z - 15. Let r be n(13). Let s = r - -35. Suppose 197 = s*q - 62. What are the prime factors of q?
37
Let y(l) be the first derivative of l**3/3 + 7*l**2/2 - 16*l - 730. Let a = -5 + -5. List the prime factors of y(a).
2, 7
Suppose 0 = -u + y - 5*y - 1, 0 = -5*u + 2*y + 39. Suppose -u*w = -10*w - 15. List the prime factors of (22/8)/(w/(-20)).
11
Let j = 62 - 50. Suppose z - 241 - 31 = -4*k, j = 3*z. List the prime factors of k.
67
Let y = -3703 + 7111. What are the prime factors of y?
2, 3, 71
Let c be (0 + (-1 - -3))/1. Let o be 8*(-2 - (-9)/c). Let y = o + -1. What are the prime factors of y?
19
Suppose 1044*c + 39831 = 1055*c. List the prime factors of c.
3, 17, 71
Let j be (-66)/(-10) - (-18)/45. Let f(n) = 2*n - 8. Let q be f(j). List the prime factors of 1/(-4)*-6*q.
3
Let g = 171 - 3. List the prime factors of g.
2, 3, 7
Let i = 213 + -113. Let w = i + -15. List the prime factors of w.
5, 17
Let n be (-2)/2 + -291 - -3. What are the prime factors of (-1 - n)/2*1/2?
2, 3
Suppose -q - 3 = -7. Suppose -5*a - 15 = w, -3*w + 0*w + q*a + 31 = 0. Suppose -r + 2*j = -22, 98 = w*r + 3*j + 27. List the prime factors of r.
2
Suppose 0 = 9*n - 6*n + 21. Let l = 77 + n. Suppose 2*h = 4*h - l. What are the prime factors of h?
5, 7
Let y be 1 + -2 - -2 - -19. Let z be 169/4 - 5/y. List the prime factors of z - 2 - 30/(-10).
43
Let w(p) = p**3 - 10*p**2 + 2*p - 15. Let q be w(10). Let v be q/((-50)/12)*-5. Suppose v*u = -20 + 122. List the prime factors of u.
17
Let d = -10 + 15. Suppose -16 = 2*x + 2*f - 124, d*x - 243 = 4*f. Let n = -24 + x. What are the prime factors of n?
3
Let m(o) be the third derivative of o**6/120 + o**5/10 + o**4/6 + 4*o**2. Let f(k) = -k**2 - 6*k - 5. Let y be f(-6). List the prime factors of m(y).
5
Let d(g) = g**3 + 8*g**2 - 12*g - 22. Let r be d(-9). Let y(f) be the second derivative of f**4/12 + 4*f**2 + 2*f. What are the prime factors of y(r)?
3, 11
Let x be (-12)/2 + -1 + -1. Let h = -1 - x. Let s(m) = 3*m + 2. What are the prime factors of s(h)?
23
Suppose -2*j - 546 = -2*x - 4*j, -2*x + 561 = -3*j. List the prime factors of x.
2, 3, 23
Let i(d) = d**2 - 8*d + 5. Let p be i(7). Let o = p + 11. What are the prime factors of (o/12)/((-2)/(-192))?
2, 3
Suppose -5*y + 0*y = -890. Let f = -126 + y. What are the prime factors of f?
2, 13
Let x = 3743 + -2360. What are the prime factors of x?
3, 461
List the prime factors of 76/16*(-272)/(-2).
2, 17, 19
Suppose -2*i + 0*i + 4*d + 1282 = 0, i - d = 646. List the prime factors of i.
3, 7, 31
Let c(h) = -332*h - 313. List the prime factors of c(-5).
3, 449
Let t = 7247 + -3767. What are the prime factors of t?
2, 3, 5, 29
Suppose -4*v + 4690 = -0*v - 3*m, -1177 = -v + 3*m. List the prime factors of v.
1171
Let l(m) = 10*m**2 - 2*m + 25. What are the prime factors of l(20)?
5, 797
Let g(b) = 202 + 12*b - 6*b**2 - b**3 - 224 - 9*b**2. What are the prime factors of g(-16)?
2, 3, 7
Let c = 53 + -28. Let v be c/15 - 2/3. What are the prime factors of v + -2 + (3 - -7)?
3
Let x(g) be the third derivative of g**5/60 - g**4/12 + 4*g**3/3 - 46*g**2. List the prime factors of x(9).
71
Let t be (0 + 1)/(5 - (-56)/(-12)). Suppose t*a - 98 = 1. What are the prime factors of a?
3, 11
Let b(y) = y**2 - 9*y + 11. Let c be b(8). Suppose r - c = 2. Suppose -8 = -3*m + 5*v + 170, -r*m + 270 = -3*v. What are the prime factors of m?
3, 17
Suppose -4 = s, 2*z + z + s + 7 = 0. What are the prime factors of (3 + (z - -2 - 37))*-3?
3, 11
Let d(k) = -7 + 3*k + 3*k - 2*k + 3. Let u be d(2). Suppose -91 = -u*q - i, -3*i + 9 = q - 11. What are the prime factors of q?
23
Let d be (12/7)/((-4)/(-14)). Suppose d*s - 9*s = -9. Let f(m) = m**2 - 2*m - 1. List the prime factors of f(s).
2
Suppose c + 20 = -10. Let f = 180 - 201. Let n = f - c. List the prime factors of n.
3
Let h = 7 + -4. Suppose -5*k + 360 = 5*w, -5*k + 156 = 4*w - 201. Suppose 0 = 2*v - 5*c - k, h*v = 2*v - 5*c + 27. What are the prime factors of v?
2
Let o(z) = -z**2 + 9*z + 12. Let h be o(10). Let q(a) = -13*a**2 + 1 - 8*a + 14*a**h + 2*a + 3. What are the prime factors of q(6)?
2
Let i(o) = o + 46. Let x be i(0). Suppose 3*w - 80 = -4*d, 4*d - x = 3*w + 10. Suppose 5*s = 92 - d. What are the prime factors of s?
3, 5
Let y(i) = 11*i**2 + 13*i + 122. List the prime factors of y(-7).
2, 3, 5, 19
Suppose 9 - 3 = -2*c, c + 42 = 3*n. Suppose n*h = 10*h + 240. What are the prime factors of h?
2, 5
Let u(a) = -208*a - 45. What are the prime factors of u(-3)?
3, 193
Let b = 350 + -208. Suppose -3*f = -56 - b. What are the prime factors of f?
2, 3, 11
List the prime factors of (356 - 0) + 0/(-7).
2, 89
Suppose -5*o + a - 45 = 0, -2*a + a - 35 = 5*o. Let q = o + 13. Suppose 146 = q*u + 4*t, 2*u + 48 = 4*u - t. What are the prime factors of u?
2, 13
Suppose 5*h - 16 = 4*h. Suppose h = 10*j - 6*j. What are the prime factors of j?
2
List the prime factors of (1231/2)/(11/(12 - -10)).
1231
Let o(s) = 693*s - 23. What are the prime factors of o(1)?
2, 5, 67
Suppose -h = 5*p - 123, -h + 50*p = 45*p - 103. What are the prime factors of h?
113
Let k(p) = 5*p**2 + 163*p - 32. List the prime factors of k(-35).
2, 97
Let k(n) = -n**2 + 5*n - 3. Let z be k(2). Let p = z + 1. Suppose 3*w - 2*m - 13 = 48, -p*w - 5*m = -66. What are the prime factors of w?
19
Suppose 0 = 14*r - 34*r + 1480. List the